{"id":875,"date":"2025-12-30T14:02:26","date_gmt":"2025-12-30T14:02:26","guid":{"rendered":"https:\/\/custom.mistral-custom.fr\/?page_id=875"},"modified":"2026-01-12T08:28:32","modified_gmt":"2026-01-12T08:28:32","slug":"mosaique-produits","status":"publish","type":"page","link":"https:\/\/custom.mistral-custom.fr\/index.php\/mosaique-produits\/","title":{"rendered":"MOSAIQUE PRODUITS"},"content":{"rendered":"\t\t<div data-elementor-type=\"wp-page\" data-elementor-id=\"875\" class=\"elementor elementor-875\" data-elementor-post-type=\"page\">\n\t\t\t\t<div class=\"elementor-element elementor-element-5a45259d e-flex e-con-boxed e-con e-parent\" data-id=\"5a45259d\" data-element_type=\"container\" data-e-type=\"container\">\n\t\t\t\t\t<div class=\"e-con-inner\">\n\t\t\t\t<div class=\"elementor-element elementor-element-449bb7b6 elementor-widget elementor-widget-heading\" data-id=\"449bb7b6\" data-element_type=\"widget\" data-e-type=\"widget\" data-widget_type=\"heading.default\">\n\t\t\t\t\t<h1 class=\"elementor-heading-title elementor-size-default\">Le sur-mesure sans compromis.<\/h1>\t\t\t\t<\/div>\n\t\t\t\t<div class=\"elementor-element elementor-element-635888ec elementor-widget elementor-widget-heading\" data-id=\"635888ec\" data-element_type=\"widget\" data-e-type=\"widget\" data-widget_type=\"heading.default\">\n\t\t\t\t\t<h2 class=\"elementor-heading-title elementor-size-default\">Chez Mistral Custom, chaque d\u00e9tail est personnalisable, sans autre limite que votre imagination.<\/h2>\t\t\t\t<\/div>\n\t\t\t\t\t<\/div>\n\t\t\t\t<\/div>\n\t\t<div class=\"elementor-element elementor-element-650407c e-con-full e-flex e-con e-parent\" data-id=\"650407c\" data-element_type=\"container\" data-e-type=\"container\">\n\t\t\t\t<div class=\"elementor-element elementor-element-82dfe52 elementor-grid-3 elementor-product-loop-item--align-center elementor-grid-mobile-2 elementor-widget-mobile__width-inherit elementor-product-loop-item--align-center elementor-grid-tablet-3 elementor-products-grid elementor-wc-products elementor-widget elementor-widget-woocommerce-products\" data-id=\"82dfe52\" data-element_type=\"widget\" data-e-type=\"widget\" data-widget_type=\"woocommerce-products.default\">\n\t\t\t\t<div class=\"elementor-widget-container\">\n\t\t\t\t\t<div class=\"woocommerce columns-3 \"><ul class=\"products elementor-grid columns-3\">\n<li class=\"product type-product post-1055 status-publish first instock product_cat-non-classe has-post-thumbnail shipping-taxable purchasable product-type-simple\">\n\t<a href=\"https:\/\/custom.mistral-custom.fr\/index.php\/produit\/alien-laugo-arms\/\" class=\"woocommerce-LoopProduct-link woocommerce-loop-product__link\"><img fetchpriority=\"high\" decoding=\"async\" width=\"300\" height=\"300\" src=\"https:\/\/custom.mistral-custom.fr\/wp-content\/uploads\/2025\/12\/base1-1-300x300.png\" class=\"attachment-woocommerce_thumbnail size-woocommerce_thumbnail\" alt=\"Alien LAUGO ARMS\" srcset=\"https:\/\/custom.mistral-custom.fr\/wp-content\/uploads\/2025\/12\/base1-1-300x300.png 300w, https:\/\/custom.mistral-custom.fr\/wp-content\/uploads\/2025\/12\/base1-1-1024x1024.png 1024w, https:\/\/custom.mistral-custom.fr\/wp-content\/uploads\/2025\/12\/base1-1-150x150.png 150w, https:\/\/custom.mistral-custom.fr\/wp-content\/uploads\/2025\/12\/base1-1-768x768.png 768w, https:\/\/custom.mistral-custom.fr\/wp-content\/uploads\/2025\/12\/base1-1-1536x1536.png 1536w, https:\/\/custom.mistral-custom.fr\/wp-content\/uploads\/2025\/12\/base1-1-600x600.png 600w, https:\/\/custom.mistral-custom.fr\/wp-content\/uploads\/2025\/12\/base1-1-100x100.png 100w, https:\/\/custom.mistral-custom.fr\/wp-content\/uploads\/2025\/12\/base1-1.png 1800w\" sizes=\"(max-width: 300px) 100vw, 300px\" \/><h2 class=\"woocommerce-loop-product__title\">Alien LAUGO ARMS<\/h2>\n\t<span class=\"price\"><span class=\"woocommerce-Price-amount amount\"><bdi>1 990,00&nbsp;<span class=\"woocommerce-Price-currencySymbol\">&euro;<\/span><\/bdi><\/span><\/span>\n<\/a><a href=\"https:\/\/custom.mistral-custom.fr\/index.php\/produit\/alien-laugo-arms\/\" aria-describedby=\"woocommerce_loop_add_to_cart_link_describedby_1055\" data-quantity=\"1\" class=\"button product_type_simple add_to_cart_button\" data-product_id=\"1055\" data-product_sku=\"\" aria-label=\"Ajouter au panier\u00a0: &ldquo;Alien LAUGO ARMS&rdquo;\" rel=\"nofollow\" data-success_message=\"\u00ab\u00a0Alien LAUGO ARMS\u00a0\u00bb a \u00e9t\u00e9 ajout\u00e9 \u00e0 votre panier\">Choix des options<\/a>\t<span id=\"woocommerce_loop_add_to_cart_link_describedby_1055\" class=\"screen-reader-text\">\n\t\t\t<\/span>\n<\/li>\n<li class=\"product type-product post-1028 status-publish instock product_cat-non-classe has-post-thumbnail shipping-taxable purchasable product-type-simple\">\n\t<a href=\"https:\/\/custom.mistral-custom.fr\/index.php\/produit\/revo-arms-ar9-noir-competition\/\" class=\"woocommerce-LoopProduct-link woocommerce-loop-product__link\"><img decoding=\"async\" width=\"300\" height=\"300\" src=\"https:\/\/custom.mistral-custom.fr\/wp-content\/uploads\/2026\/01\/droite_12pouces-300x300.png\" class=\"attachment-woocommerce_thumbnail size-woocommerce_thumbnail\" alt=\"REVO ARMS AR9 NOIR COMPETITION\" srcset=\"https:\/\/custom.mistral-custom.fr\/wp-content\/uploads\/2026\/01\/droite_12pouces-300x300.png 300w, https:\/\/custom.mistral-custom.fr\/wp-content\/uploads\/2026\/01\/droite_12pouces-150x150.png 150w, https:\/\/custom.mistral-custom.fr\/wp-content\/uploads\/2026\/01\/droite_12pouces-100x100.png 100w\" sizes=\"(max-width: 300px) 100vw, 300px\" \/><h2 class=\"woocommerce-loop-product__title\">REVO ARMS AR9 NOIR COMPETITION<\/h2>\n\t<span class=\"price\"><span class=\"woocommerce-Price-amount amount\"><bdi>2 189,00&nbsp;<span class=\"woocommerce-Price-currencySymbol\">&euro;<\/span><\/bdi><\/span><\/span>\n<\/a><a href=\"https:\/\/custom.mistral-custom.fr\/index.php\/produit\/revo-arms-ar9-noir-competition\/\" aria-describedby=\"woocommerce_loop_add_to_cart_link_describedby_1028\" data-quantity=\"1\" class=\"button product_type_simple add_to_cart_button\" data-product_id=\"1028\" data-product_sku=\"\" aria-label=\"Ajouter au panier\u00a0: &ldquo;REVO ARMS AR9 NOIR COMPETITION&rdquo;\" rel=\"nofollow\" data-success_message=\"\u00ab\u00a0REVO ARMS AR9 NOIR COMPETITION\u00a0\u00bb a \u00e9t\u00e9 ajout\u00e9 \u00e0 votre panier\">Choix des options<\/a>\t<span id=\"woocommerce_loop_add_to_cart_link_describedby_1028\" class=\"screen-reader-text\">\n\t\t\t<\/span>\n<\/li>\n<li class=\"product type-product post-1015 status-publish last instock product_cat-non-classe has-post-thumbnail shipping-taxable purchasable product-type-simple\">\n\t<a href=\"https:\/\/custom.mistral-custom.fr\/index.php\/produit\/revo-arms-ar9-rouge-competition\/\" class=\"woocommerce-LoopProduct-link woocommerce-loop-product__link\"><img decoding=\"async\" width=\"300\" height=\"300\" src=\"https:\/\/custom.mistral-custom.fr\/wp-content\/uploads\/2026\/01\/16pouces_petit-300x300.png\" class=\"attachment-woocommerce_thumbnail size-woocommerce_thumbnail\" alt=\"REVO ARMS AR9 ROUGE COMPETITION\" srcset=\"https:\/\/custom.mistral-custom.fr\/wp-content\/uploads\/2026\/01\/16pouces_petit-300x300.png 300w, https:\/\/custom.mistral-custom.fr\/wp-content\/uploads\/2026\/01\/16pouces_petit-150x150.png 150w, https:\/\/custom.mistral-custom.fr\/wp-content\/uploads\/2026\/01\/16pouces_petit-100x100.png 100w\" sizes=\"(max-width: 300px) 100vw, 300px\" \/><h2 class=\"woocommerce-loop-product__title\">REVO ARMS AR9 ROUGE COMPETITION<\/h2>\n\t<span class=\"price\"><span class=\"woocommerce-Price-amount amount\"><bdi>2 189,00&nbsp;<span class=\"woocommerce-Price-currencySymbol\">&euro;<\/span><\/bdi><\/span><\/span>\n<\/a><a href=\"https:\/\/custom.mistral-custom.fr\/index.php\/produit\/revo-arms-ar9-rouge-competition\/\" aria-describedby=\"woocommerce_loop_add_to_cart_link_describedby_1015\" data-quantity=\"1\" class=\"button product_type_simple add_to_cart_button\" data-product_id=\"1015\" data-product_sku=\"\" aria-label=\"Ajouter au panier\u00a0: &ldquo;REVO ARMS AR9 ROUGE COMPETITION&rdquo;\" rel=\"nofollow\" data-success_message=\"\u00ab\u00a0REVO ARMS AR9 ROUGE COMPETITION\u00a0\u00bb a \u00e9t\u00e9 ajout\u00e9 \u00e0 votre panier\">Choix des options<\/a>\t<span id=\"woocommerce_loop_add_to_cart_link_describedby_1015\" class=\"screen-reader-text\">\n\t\t\t<\/span>\n<\/li>\n<li class=\"product type-product post-789 status-publish first instock product_cat-non-classe has-post-thumbnail shipping-taxable purchasable product-type-simple\">\n\t<a href=\"https:\/\/custom.mistral-custom.fr\/index.php\/produit\/girsan-witness2311-match-x-custom\/\" class=\"woocommerce-LoopProduct-link woocommerce-loop-product__link\"><img loading=\"lazy\" decoding=\"async\" width=\"300\" height=\"300\" src=\"https:\/\/custom.mistral-custom.fr\/wp-content\/uploads\/2025\/12\/base1-1-300x300.png\" class=\"attachment-woocommerce_thumbnail size-woocommerce_thumbnail\" alt=\"Girsan Witness2311\u00ae Match X CUSTOM\" srcset=\"https:\/\/custom.mistral-custom.fr\/wp-content\/uploads\/2025\/12\/base1-1-300x300.png 300w, https:\/\/custom.mistral-custom.fr\/wp-content\/uploads\/2025\/12\/base1-1-1024x1024.png 1024w, https:\/\/custom.mistral-custom.fr\/wp-content\/uploads\/2025\/12\/base1-1-150x150.png 150w, https:\/\/custom.mistral-custom.fr\/wp-content\/uploads\/2025\/12\/base1-1-768x768.png 768w, https:\/\/custom.mistral-custom.fr\/wp-content\/uploads\/2025\/12\/base1-1-1536x1536.png 1536w, https:\/\/custom.mistral-custom.fr\/wp-content\/uploads\/2025\/12\/base1-1-600x600.png 600w, https:\/\/custom.mistral-custom.fr\/wp-content\/uploads\/2025\/12\/base1-1-100x100.png 100w, https:\/\/custom.mistral-custom.fr\/wp-content\/uploads\/2025\/12\/base1-1.png 1800w\" sizes=\"(max-width: 300px) 100vw, 300px\" \/><h2 class=\"woocommerce-loop-product__title\">Girsan Witness2311\u00ae Match X CUSTOM<\/h2>\n\t<span class=\"price\"><span class=\"woocommerce-Price-amount amount\"><bdi>1 990,00&nbsp;<span class=\"woocommerce-Price-currencySymbol\">&euro;<\/span><\/bdi><\/span><\/span>\n<\/a><a href=\"https:\/\/custom.mistral-custom.fr\/index.php\/produit\/girsan-witness2311-match-x-custom\/\" aria-describedby=\"woocommerce_loop_add_to_cart_link_describedby_789\" data-quantity=\"1\" class=\"button product_type_simple add_to_cart_button\" data-product_id=\"789\" data-product_sku=\"\" aria-label=\"Ajouter au panier\u00a0: &ldquo;Girsan Witness2311\u00ae Match X CUSTOM&rdquo;\" rel=\"nofollow\" data-success_message=\"\u00ab\u00a0Girsan Witness2311\u00ae Match X CUSTOM\u00a0\u00bb a \u00e9t\u00e9 ajout\u00e9 \u00e0 votre panier\">Choix des options<\/a>\t<span id=\"woocommerce_loop_add_to_cart_link_describedby_789\" class=\"screen-reader-text\">\n\t\t\t<\/span>\n<\/li>\n<li class=\"product type-product post-173 status-publish instock product_cat-non-classe has-post-thumbnail shipping-taxable purchasable product-type-simple\">\n\t<a href=\"https:\/\/custom.mistral-custom.fr\/index.php\/produit\/aero-precision-ar15-custom\/\" class=\"woocommerce-LoopProduct-link woocommerce-loop-product__link\"><img loading=\"lazy\" decoding=\"async\" width=\"300\" height=\"300\" src=\"https:\/\/custom.mistral-custom.fr\/wp-content\/uploads\/2025\/12\/14.5-1-300x300.png\" class=\"attachment-woocommerce_thumbnail size-woocommerce_thumbnail\" alt=\"AERO PRECISION AR15 CUSTOM\" srcset=\"https:\/\/custom.mistral-custom.fr\/wp-content\/uploads\/2025\/12\/14.5-1-300x300.png 300w, https:\/\/custom.mistral-custom.fr\/wp-content\/uploads\/2025\/12\/14.5-1-1024x1024.png 1024w, https:\/\/custom.mistral-custom.fr\/wp-content\/uploads\/2025\/12\/14.5-1-150x150.png 150w, https:\/\/custom.mistral-custom.fr\/wp-content\/uploads\/2025\/12\/14.5-1-768x768.png 768w, https:\/\/custom.mistral-custom.fr\/wp-content\/uploads\/2025\/12\/14.5-1-1536x1536.png 1536w, https:\/\/custom.mistral-custom.fr\/wp-content\/uploads\/2025\/12\/14.5-1-600x600.png 600w, https:\/\/custom.mistral-custom.fr\/wp-content\/uploads\/2025\/12\/14.5-1-100x100.png 100w, https:\/\/custom.mistral-custom.fr\/wp-content\/uploads\/2025\/12\/14.5-1.png 1700w\" sizes=\"(max-width: 300px) 100vw, 300px\" \/><h2 class=\"woocommerce-loop-product__title\">AERO PRECISION AR15 CUSTOM<\/h2>\n\t<span class=\"price\"><span class=\"woocommerce-Price-amount amount\"><bdi>2 000,00&nbsp;<span class=\"woocommerce-Price-currencySymbol\">&euro;<\/span><\/bdi><\/span><\/span>\n<\/a><a href=\"https:\/\/custom.mistral-custom.fr\/index.php\/produit\/aero-precision-ar15-custom\/\" aria-describedby=\"woocommerce_loop_add_to_cart_link_describedby_173\" data-quantity=\"1\" class=\"button product_type_simple add_to_cart_button\" data-product_id=\"173\" data-product_sku=\"\" aria-label=\"Ajouter au panier\u00a0: &ldquo;AERO PRECISION AR15 CUSTOM&rdquo;\" rel=\"nofollow\" data-success_message=\"\u00ab\u00a0AERO PRECISION AR15 CUSTOM\u00a0\u00bb a \u00e9t\u00e9 ajout\u00e9 \u00e0 votre panier\">Choix des options<\/a>\t<span id=\"woocommerce_loop_add_to_cart_link_describedby_173\" class=\"screen-reader-text\">\n\t\t\t<\/span>\n<\/li>\n<li class=\"product type-product post-162 status-publish last instock product_cat-non-classe has-post-thumbnail shipping-taxable purchasable product-type-simple\">\n\t<a href=\"https:\/\/custom.mistral-custom.fr\/index.php\/produit\/staccato-xc-custom\/\" class=\"woocommerce-LoopProduct-link woocommerce-loop-product__link\"><img loading=\"lazy\" decoding=\"async\" width=\"300\" height=\"300\" src=\"https:\/\/custom.mistral-custom.fr\/wp-content\/uploads\/2025\/12\/Staccato_XC_Base_Image_2024_resultat-300x300.png\" class=\"attachment-woocommerce_thumbnail size-woocommerce_thumbnail\" alt=\"STACCATO XC CUSTOM\" srcset=\"https:\/\/custom.mistral-custom.fr\/wp-content\/uploads\/2025\/12\/Staccato_XC_Base_Image_2024_resultat-300x300.png 300w, https:\/\/custom.mistral-custom.fr\/wp-content\/uploads\/2025\/12\/Staccato_XC_Base_Image_2024_resultat-1024x1024.png 1024w, https:\/\/custom.mistral-custom.fr\/wp-content\/uploads\/2025\/12\/Staccato_XC_Base_Image_2024_resultat-150x150.png 150w, https:\/\/custom.mistral-custom.fr\/wp-content\/uploads\/2025\/12\/Staccato_XC_Base_Image_2024_resultat-768x768.png 768w, https:\/\/custom.mistral-custom.fr\/wp-content\/uploads\/2025\/12\/Staccato_XC_Base_Image_2024_resultat-1536x1536.png 1536w, https:\/\/custom.mistral-custom.fr\/wp-content\/uploads\/2025\/12\/Staccato_XC_Base_Image_2024_resultat-600x600.png 600w, https:\/\/custom.mistral-custom.fr\/wp-content\/uploads\/2025\/12\/Staccato_XC_Base_Image_2024_resultat-100x100.png 100w, https:\/\/custom.mistral-custom.fr\/wp-content\/uploads\/2025\/12\/Staccato_XC_Base_Image_2024_resultat.webp 1800w\" sizes=\"(max-width: 300px) 100vw, 300px\" \/><h2 class=\"woocommerce-loop-product__title\">STACCATO XC CUSTOM<\/h2>\n\t<span class=\"price\"><span class=\"woocommerce-Price-amount amount\"><bdi>7 990,00&nbsp;<span class=\"woocommerce-Price-currencySymbol\">&euro;<\/span><\/bdi><\/span><\/span>\n<\/a><a href=\"https:\/\/custom.mistral-custom.fr\/index.php\/produit\/staccato-xc-custom\/\" aria-describedby=\"woocommerce_loop_add_to_cart_link_describedby_162\" data-quantity=\"1\" class=\"button product_type_simple add_to_cart_button\" data-product_id=\"162\" data-product_sku=\"\" aria-label=\"Ajouter au panier\u00a0: &ldquo;STACCATO XC CUSTOM&rdquo;\" rel=\"nofollow\" data-success_message=\"\u00ab\u00a0STACCATO XC CUSTOM\u00a0\u00bb a \u00e9t\u00e9 ajout\u00e9 \u00e0 votre panier\">Choix des options<\/a>\t<span id=\"woocommerce_loop_add_to_cart_link_describedby_162\" class=\"screen-reader-text\">\n\t\t\t<\/span>\n<\/li>\n<\/ul>\n<\/div>\t\t\t\t<\/div>\n\t\t\t\t<\/div>\n\t\t\t\t<div class=\"elementor-element elementor-element-1d9a71f elementor-widget elementor-widget-spacer\" data-id=\"1d9a71f\" data-element_type=\"widget\" data-e-type=\"widget\" data-widget_type=\"spacer.default\">\n\t\t\t\t\t\t\t<div class=\"elementor-spacer\">\n\t\t\t<div class=\"elementor-spacer-inner\"><\/div>\n\t\t<\/div>\n\t\t\t\t\t\t<\/div>\n\t\t\t\t<\/div>\n\t\t\t\t<\/div>\n\t\t","protected":false},"excerpt":{"rendered":"<p>Le sur-mesure sans compromis. Chez Mistral Custom, chaque d\u00e9tail est personnalisable, sans autre limite que votre imagination.<\/p>\n","protected":false},"author":1,"featured_media":0,"parent":0,"menu_order":0,"comment_status":"closed","ping_status":"closed","template":"","meta":{"footnotes":""},"class_list":["post-875","page","type-page","status-publish","hentry"],"_links":{"self":[{"href":"https:\/\/custom.mistral-custom.fr\/index.php\/wp-json\/wp\/v2\/pages\/875","targetHints":{"allow":["GET"]}}],"collection":[{"href":"https:\/\/custom.mistral-custom.fr\/index.php\/wp-json\/wp\/v2\/pages"}],"about":[{"href":"https:\/\/custom.mistral-custom.fr\/index.php\/wp-json\/wp\/v2\/types\/page"}],"author":[{"embeddable":true,"href":"https:\/\/custom.mistral-custom.fr\/index.php\/wp-json\/wp\/v2\/users\/1"}],"replies":[{"embeddable":true,"href":"https:\/\/custom.mistral-custom.fr\/index.php\/wp-json\/wp\/v2\/comments?post=875"}],"version-history":[{"count":61,"href":"https:\/\/custom.mistral-custom.fr\/index.php\/wp-json\/wp\/v2\/pages\/875\/revisions"}],"predecessor-version":[{"id":1051,"href":"https:\/\/custom.mistral-custom.fr\/index.php\/wp-json\/wp\/v2\/pages\/875\/revisions\/1051"}],"wp:attachment":[{"href":"https:\/\/custom.mistral-custom.fr\/index.php\/wp-json\/wp\/v2\/media?parent=875"}],"curies":[{"name":"wp","href":"https:\/\/api.w.org\/{rel}","templated":true}]}}